0010101
In base 14, what is -497 - -5?
-492
In base 7, what is 5 + -255?
-250
In base 2, what is -1100 + -1001101111?
-1001111011
In base 3, what is -1000 + 110?
-120
In base 11, what is 4 + -91?
-88
In base 2, what is 11011111 - 1?
11011110
In base 8, what is 10647 - 0?
10647
In base 11, what is -42 - 1?
-43
In base 3, what is 11 + 101?
112
In base 3, what is -202020 + 11?
-202002
In base 2, what is 11 - -1101000?
1101011
In base 15, what is c - -8?
15
In base 15, what is 29c + -2?
29a
In base 5, what is -10310 - 4?
-10314
In base 5, what is -204 - -4?
-200
In base 11, what is 14 + -166?
-152
In base 4, what is 1331013 - -1?
1331020
In base 16, what is 1ff - 9?
1f6
In base 7, what is -1 + 6?
5
In base 15, what is 3479 - 3?
3476
In base 9, what is 242 - -2?
244
In base 13, what is 24 + -8?
19
In base 14, what is -2 + -2a7?
-2a9
In base 6, what is -15 + 0?
-15
In base 6, what is -13154 + 3?
-13151
In base 13, what is -2 + -1196?
-1198
In base 11, what is -3 + -230?
-233
In base 4, what is 1031 + -21?
1010
In base 2, what is 11100101 + 101?
11101010
In base 6, what is -453 - 1?
-454
In base 10, what is 0 - -18?
18
In base 11, what is 2 - 3165?
-3163
In base 3, what is 2 - 2200?
-2121
In base 8, what is -111 + 0?
-111
In base 16, what is 9 + -208?
-1ff
In base 9, what is 67734 + 1?
67735
In base 2, what is -10 - -1101010?
1101000
In base 15, what is -3 + -33?
-36
In base 8, what is -2 + -420?
-422
In base 15, what is -3 + -179?
-17c
In base 11, what is -4 - -102?
a9
In base 9, what is -15118 - 3?
-15122
In base 3, what is -1212121 - -1?
-1212120
In base 15, what is 2b6 - -4?
2ba
In base 6, what is -1 + -3532?
-3533
In base 12, what is -40 - -71?
31
In base 12, what is 10b + -3?
108
In base 7, what is 1436 + -5?
1431
In base 9, what is -11 + 381?
370
In base 3, what is 12210 - -12?
12222
In base 3, what is -10002 - 1100?
-11102
In base 3, what is -2 + -1100?
-1102
In base 4, what is 12 + -2?
10
In base 15, what is 2 + -32a?
-328
In base 5, what is 44022 + 3?
44030
In base 15, what is -a + -4?
-e
In base 15, what is 3 + -65?
-62
In base 13, what is 113 + -2?
111
In base 2, what is 10101110011 - 11?
10101110000
In base 7, what is -5 + -2513?
-2521
In base 16, what is 1 - -212?
213
In base 2, what is -110101111011 - -100?
-110101110111
In base 5, what is 11 + -24?
-13
In base 4, what is 210 - 22?
122
In base 16, what is 765 + 0?
765
In base 5, what is -133 + 1?
-132
In base 16, what is -5 - -94?
8f
In base 7, what is -1550 - 20?
-1600
In base 16, what is 0 - 6c?
-6c
In base 2, what is 1 + -11101000?
-11100111
In base 3, what is 2 - -10111220?
10111222
In base 8, what is 4705 + -4?
4701
In base 3, what is -2110211 + 20?
-2110121
In base 2, what is -100110 + 11?
-100011
In base 4, what is 2112 - 20?
2032
In base 11, what is -39 + -43?
-81
In base 15, what is 18 + -c?
b
In base 6, what is 15 - 2?
13
In base 8, what is -45330 - 3?
-45333
In base 16, what is 26 - -2?
28
In base 10, what is 22 - 12?
10
In base 5, what is -2243 + -2?
-2300
In base 14, what is -10bb + -1?
-10bc
In base 4, what is 2 + 13223?
13231
In base 6, what is 44 - -3?
51
In base 5, what is -13 + -44?
-112
In base 6, what is -5 - -10510?
10501
In base 2, what is 101 + 110111?
111100
In base 16, what is 26d + 1?
26e
In base 14, what is -4 - -1126?
1122
In base 7, what is -104 - 3?
-110
In base 5, what is 334420 - -3?
334423
In base 5, what is 1 + 223?
224
In base 8, what is 610 - -33?
643
In base 9, what is 174 - -3?
177
In base 5, what is -11220 - 12?
-11232
In base 8, what is -1057 + 1?
-1056
In base 14, what is -28a - -5?
-285
In base 11, what is -1 - 28?
-29
In base 13, what is -3063 + -4?
-3067
In base 16, what is 1d34 + 1?
1d35
In base 10, what is 0 + -102?
-102
In base 16, what is 2c + -12?
1a
In base 9, what is 57 - 13?
44
In base 14, what is -23 - 3?
-26
In base 6, what is 243 + 0?
243
In base 4, what is -2 + -103?
-111
In base 9, what is -14 + 15?
1
In base 12, what is -32 - 0?
-32
In base 8, what is 1 - 51?
-50
In base 9, what is -416 + -7?
-424
In base 11, what is 24 + -5?
1a
In base 12, what is 2 - 2a0?
-29a
In base 4, what is 10 - -31?
101
In base 16, what is -1 - 184?
-185
In base 15, what is -a + -32a?
-335
In base 4, what is 23211 + -10?
23201
In base 15, what is 2715 - 1?
2714
In base 8, what is 5 - -2374?
2401
In base 9, what is -184 - 63?
-257
In base 3, what is -1120 + -2121?
-11011
In base 4, what is -220003 + 3?
-220000
In base 9, what is -5 - 462?
-467
In base 16, what is b6 + -3?
b3
In base 15, what is 1842 - -5?
1847
In base 16, what is 35 + -2?
33
In base 3, what is -1212 + -12?
-2001
In base 9, what is 3 + 155?
158
In base 2, what is 100110101110 + 0?
100110101110
In base 5, what is 11 - 13222?
-13211
In base 2, what is -1101 + 11000?
1011
In base 8, what is 0 - -166?
166
In base 5, what is 2114 + -2?
2112
In base 11, what is 1 + -2165?
-2164
In base 3, what is 11 + -1111?
-1100
In base 12, what is -1 + -174b?
-1750
In base 7, what is 66403 - -3?
66406
In base 13, what is -2 + 41?
3c
In base 9, what is -140 + 2?
-137
In base 3, what is 0 - -2011?
2011
In base 6, what is -34335 + 5?
-34330
In base 13, what is -6 - -39?
33
In base 16, what is -742 + 1?
-741
In base 7, what is -251 - -160?
-61
In base 16, what is 5 - d9?
-d4
In base 9, what is 162 - 48?
113
In base 3, what is -100202 - -10?
-100122
In base 8, what is 32 + 602?
634
In base 11, what is -2a43 - 2?
-2a45
In base 5, what is -204 - -4?
-200
In base 10, what is 2116 + 4?
2120
In base 14, what is 1 + -2?
-1
In base 8, what is -11 - -62?
51
In base 14, what is -6 + -1?
-7
In base 12, what is -b + -5?
-14
In base 7, what is -442 + -4?
-446
In base 10, what is 325 - -83?
408
In base 11, what is -4686 - -4?
-4682
In base 7, what is 2560 - -5?
2565
In base 9, what is 5 + -526?
-521
In base 11, what is -3 - 1080?
-1083
In base 7, what is -106 + -114?
-223
In base 11, what is 347a + 5?
3484
In base 4, what is 10 + -23?
-13
In base 16, what is 12d + 6?
133
In base 9, what is 17 - 82?
-64
In base 10, what is -91 + 2?
-89
In base 16, what is 53 + 3?
56
In base 2, what is -101 + -111011101111?
-111011110100
In base 8, what is 5624 + 0?
5624
In base 8, what is -11 - 112?
-123
In base 13, what is -5 - -22?
1a
In base 16, what is 5 + -2?
3
In base 15, what is 1ec - -2?
1ee
In base 13, what is 2 + -105?
-103
In base 15, what is -63 - 9?
-6c
In base 11, what is -1038 + 3?
-1035
In base 4, what is -3 - -2233?
2230
In base 4, what is -212 + -2?
-220
In base 9, what is -1053 + 3?
-1050
In base 7, what is 632 + 0?
632
In base 11, what is -35 + -58?
-92
In base 13, what is 4a5 + -1?
4a4
In base 16, what is -5 - 54?
-59
In base 2, what is 11 + 10010110?
10011001
In base 4, what is 12021 + 3?
12030
In base 9, what is -46 - -216?
160
In base 12, what is -3 - -1284?
1281
In base 6, what is -231345 - 4?
-231353
In base 16, what is 2a5 + 4?
2a9
In base 2, what is 1010 + 11011?
100101
In base 11, what is 21 - 4?
18
In base 10, what is -6200 - 3?
-6203
In base 13, what is 1 - b5?
-b4
In base 11, what is -a8a + -3?
-a92
In base 14, what is -3 - 1b?
-20
In base 4, what is -2 - -21323?
21321
In base 12, what is -4 - -483?
47b
In base 2, what is -1101010011 - 11?
-1101010110
In base 12, what is 5973 - 4?
596b
In base 3, what is 2012 + 20121?
22210
In base 16, what is -a3 + -5?
-a8
In base 11, what is -4 - 50?
-54
In base 3, what is -10 - 20222?
-21002
In base 16, what is 3 + 253?
256
In base 15, what is 2bed - -5?
2c03
In base 5, what is 20 + -1130?
-1110
In base 8, what is 30 + -11?
17
In base 3, what is -201121 - 0?
-201121
In base 2, what is -111000000 - 111?
-111000111
In base 15, what is -22 + -b?
-2d
In base 4, what is -121 + -313?
-1100
In base 14, what is -29 - 120?
-149
In base 9, what is 87 + -24?
63
In base 7, what is -50 - -110?
30
In base 11, what is -3 - 3278?
-3280
In base 8, what is 16 + 137?
155
In base 2, what is 1000101001 - -1001?
1000110010
In base 5, what is -230402 + -3?
-230410
In base 12, what is 362 + -4?
35a
In base 5, what is 2 + 3131?
3133
In base 9, what is -57 - -5?
-52
In base 2, what is 11 - -10010?
10101
In base 15, what is 15 + 3?
18
In base 13, what is 3 - 454?
-451
In base 3, what is 10 - 10201?
-10121
In base 8, what is 7 + 1260?
1267
In base 16, what is 0 - 90?
-90
In base 10, what is 5 + 306?